 2*v - x. Give k(v).
-4
Let r(k) = -5*k**2 - 4*k - 6. Let h(u) = -2 + 3 - 23*u + 24*u + u**2. Let z(l) = -6*h(l) - r(l). Determine z(-4).
-8
Let h = 0 + -2. Let d(r) = -5*r**2 + 31*r - 70*r - 2*r**2 + 40*r + 2. Let i(b) = 2*b**2 - b - 1. Let m(a) = d(a) + 3*i(a). Give m(h).
-1
Let p(l) be the third derivative of l**4/8 + l**3/6 + 47*l**2 + 9*l. Let a = 1 + 0. Calculate p(a).
4
Let v(n) = -n**3 - 6*n**2 - 7*n - 5. Suppose 3*h = 6*h - 12. Suppose -5*t = -h*o + 25, t = -3*t + 2*o - 20. What is v(t)?
5
Let u = 27 + -26. Let k(w) = -23*w + 21*w + 0 - u - 5. Give k(-4).
2
Suppose 13 = 4*j - 19. Let b(m) = -3*m + 0*m + 2*m - j. Suppose 0 = -2*k + 4*n - 12, -20*k + 24*k - 3*n = -24. Determine b(k).
-2
Let f(a) = -7*a**2 + 8*a + 1. Let p(s) = -15*s**2 + 18*s + 3. Let r(q) = -4*q**3 + 3*q**2 + q. Let x be r(-1). Let n(w) = x*p(w) - 13*f(w). What is n(-4)?
5
Suppose k = -2*m - k - 6, m = k + 5. Let s be -13 + 13 - m*-1. Let o(d) = -16*d**3 - d + 1. Give o(s).
-16
Let r(a) be the third derivative of a**6/60 + a**5/15 + a**4/12 - a**3/6 + 4*a**2. Suppose 5*p - 5*q = 45, 29 = 3*p - 0*p - q. Let b = -12 + p. Give r(b).
-5
Let y(r) = 6*r - 8. Suppose 5*p - 5*q - 15 = 0, -5*p - 30 = -9*p - 2*q. Give y(p).
28
Let m(j) = -7*j - 1. Let s be m(1). Let n be ((-3)/6)/((-1)/s). Let y(t) = -t**2 + t - 1. Calculate y(n).
-21
Let w(j) be the first derivative of 3*j**2/2 + j + 105. Determine w(5).
16
Let v be (12/(-8))/((-9)/60). Suppose 2*k = -5*x + 7*k + v, 3*k - 26 = -5*x. Suppose 4*r + 4*f - 3*f = 6, 3*r - x*f = -5. Let y(c) = -c + 1. Determine y(r).
0
Let g(w) be the second derivative of -19*w - 1/6*w**3 - 2*w**2 + 0. Give g(6).
-10
Let j(k) be the first derivative of k**3/3 + k**2 - 3*k - 17. Determine j(-3).
0
Let d(s) = -s**2 + 12*s + 2. Let p(t) = -t**2 + 12*t + 3. Let m(f) = 3*d(f) - 2*p(f). Let k be m(12). Let n(j) = j - 2 + k - 4 + 4*j**2 + 10 + j**3. Give n(-4).
0
Let a(r) = 2*r**2 + 14*r + 14. Let x(u) = -4*u - 206. Let k be x(-50). Calculate a(k).
2
Let z be 5 - (15 + -4 - 7). Let s(u) = 10*u + 2. Calculate s(z).
12
Suppose 3*o - 2*u = 42, 21 = -4*o - u + 66. Let m = o + -9. Let t(g) = g**2 - 2. Calculate t(m).
7
Let n be (32/56 + 34/(-35))*-10. Let a(p) be the third derivative of 0 + 11*p**2 + 1/40*p**6 - 1/60*p**5 - 1/6*p**3 + 0*p - 1/12*p**n. Give a(-1).
-3
Let z(u) = u**2 + 7*u + 4. Let f(i) = i**2 - 6*i + 10. Let v be f(4). Suppose m - 105 = -v*m. Suppose -x - 3*w + m = -5*x, -3*w + 25 = -2*x. What is z(x)?
-6
Let y(t) be the second derivative of -t**3/3 - 43*t**2/2 - 4*t + 33. Calculate y(-23).
3
Let o(n) = -n**3 - 4*n**2 + 2*n + 3. Let j(l) = -l**3 - 4*l**2 + 16*l + 20. Let q be j(-6). Determine o(q).
-5
Let u(a) = 45 - 19 - 5*a**2 - 27 + 6*a**2. Determine u(-5).
24
Let h(y) = 4 - 3*y + y - 17 + 3*y - 2. Give h(9).
-6
Let c(v) be the third derivative of v**7/5040 - 3*v**5/20 - 11*v**2. Let q(y) be the third derivative of c(y). Give q(-4).
-4
Let v be 2/(-4)*(7 - 1). Let w be (-3)/18*v*10. Let z(t) = -1 + w - 1 - 5 + t. Determine z(-5).
-7
Let z(q) = -q**3 - 3*q**2 + q - 3. Let a(l) = 2*l**2 + l - 1. Let o(x) = 2*a(x) - z(x). Determine o(-7).
-6
Let k(c) = 7 - 5 + 2 + 4*c - c**2 + 2*c. Let x be k(6). Let p(i) = -i + x + 5*i - 3*i. Give p(-4).
0
Let k(w) = 8*w**3 + 6*w**2 + 13*w + 16. Let s(y) = 7*y**3 + 4*y**2 + 13*y + 16. Let z(d) = 8*k(d) - 9*s(d). Give z(-13).
-16
Suppose -6*j = -7 + 37. Let k(d) = 2 - 2 - 2*d - 6. What is k(j)?
4
Let q(p) = -p + 2. Let f be (-4)/(4/2) + -1. Let k(r) = -r + 2. Let g(o) = f*k(o) + 4*q(o). Determine g(0).
2
Let i(b) = -5*b**3 + 25*b**2 - 26*b - 36. Let j(g) = g**3 - 5*g**2 + 5*g + 7. Let h(f) = -2*i(f) - 11*j(f). Calculate h(4).
-1
Let d(f) = -f - 3. Let n = -1017 + 1024. Give d(n).
-10
Let v(t) = 2*t - 9. Let a be v(6). Let j(h) = -33*h - 4. Let s(k) = 28*k + 3. Let i(d) = 5*j(d) + 6*s(d). Give i(a).
7
Let t(u) = -u**3 - 11*u**2 + 5. Let g be t(0). Let v(y) = y**3 - 4*y**2 - 3*y + 7. Determine v(g).
17
Let y(c) be the first derivative of -4*c + 20 - 3/2*c**2. Determine y(-3).
5
Let k = 55 - 53. Suppose k*x + 84 = -5*x. Let g(f) = -f**3 - 11*f**2 + 11*f - 11. What is g(x)?
1
Let a(v) = -v + 1. Let s be a(-3). Let l(k) be the first derivative of k**4/4 - 2*k**3/3 - 3*k**2 + 4*k - 4376. What is l(s)?
12
Let t(c) be the third derivative of -c**5/60 - c**4/8 - c**3/6 - 15*c**2. Let p be (1/1)/(3/(-3)). What is t(p)?
1
Suppose 3*n = s + 6, -s - n - 8 = -2. Let a = -8 - -10. Let x(d) = d**3 - 3*d**2 - 6*d - 6 + 0*d + 8*d**a + 1. What is x(s)?
-5
Let r = -13 - -19. Let n(j) be the first derivative of j**3/3 - 7*j**2/2 + 4*j - 218. What is n(r)?
-2
Let s(w) = -14*w**2 - w. Let y = -30 - -34. Suppose 3*j + 5*v - 6*v - 1 = 0, 4*j = -y*v + 12. Give s(j).
-15
Let a(f) be the first derivative of 17 - f**2 + f - 7/3*f**3. Suppose -4*v + 5 = v. What is a(v)?
-8
Let v(u) be the third derivative of 0*u + 0 + 8*u**2 + 2/3*u**3 - 1/24*u**4. What is v(0)?
4
Let u(k) = -k + 3. Let c be u(0). Let v(p) = -c*p**2 + 0*p**2 - p**3 - 3*p - 2 - 2*p - 2*p**2. Let q(b) = -b - 1. Let d be q(3). What is v(d)?
2
Let f(o) be the first derivative of 3*o**4/4 - o**3 + o**2 + o + 179. Let p be 3/(1 + (-1)/(-2)). Calculate f(p).
17
Let v = -244 + 237. Let q(f) = 5*f**3 - 4*f**3 + 0 + 7*f**2 - 4. Calculate q(v).
-4
Let a(g) be the third derivative of g**6/30 + g**5/60 - g**4/24 + g**3/6 - 151*g**2. Calculate a(1).
5
Let d = -16 + 22. Suppose -9 = -g - d. Suppose -5*p + 5*c = 0, -g*p - 2*c = 4 + 1. Let f(i) = 9*i. Give f(p).
-9
Let y be 10*(-3)/(-12)*2. Suppose 2*u + 12 = y*u. Let m(x) = -u*x - 3 + x + 2 + 2*x. Determine m(-4).
3
Let w(o) = 21*o**3 + o + 1. Let j be (-4)/(-10) - (-2 - (-102)/30). What is w(j)?
-21
Let z(k) = -2*k**3 + 4*k**3 - 3*k**3 - 260*k**2 + 263*k**2 + 2. Give z(3).
2
Let q be 1/(4 + -7)*3. Let o(t) = -8*t - 2. Determine o(q).
6
Let w(b) be the first derivative of -b**2 - 3*b + 1. Let t(j) = j**2 - 31*j + 79. Let h = 19 + 9. Let f be t(h). Give w(f).
7
Let t(b) = -19*b**3 - 20*b**2 + 8*b + 9. Let o(k) = -2*k**3 - 2*k**2 + k + 1. Let m(c) = -18*o(c) + 2*t(c). Calculate m(-2).
4
Let c(s) = -s - 10. Let m(r) = 1. Let u(t) = -c(t) + 2*m(t). Let q = 10 - 7. Let f be 0 - 0 - (3 - q). Determine u(f).
12
Let w = 159 + -163. Let l(y) = -y**2 + 4*y. What is l(w)?
-32
Let r(u) = 2*u**2 + 3*u. Suppose 0 = -y - 4*p + 6 + 15, 5*y + 5*p = 45. Suppose 3*m = -2*z - y, -4*z + m + 0*m = 17. Give r(z).
20
Let q be (30/20)/(3/(-8))*36/(-16). Let c(m) = m - 15. Let h(o) = -o + 14. Let g(l) = 2*c(l) + 3*h(l). Determine g(q).
3
Let y(b) = -12 + 3*b + b**2 + 18 - b**3 + 2*b**3 - 3*b**2 - 7. Suppose -5 = 2*m - 3*m. Suppose 0 = -m*h, 2*v + 8 = 6*v + h. Give y(v).
5
Let j(b) = b**2 + 12 - 3*b + b - b - 7. Let c be j(2). Let h(f) = 11 + f**2 + c - 7 - 8*f. Calculate h(7).
0
Let c(u) = -3 - 2*u**2 - u + 0 - 3 + 1. Let x(i) = i. Let v(y) = c(y) - 6*x(y). Give v(-5).
-20
Let w(p) be the first derivative of 2*p**3 + p**2/2 + 48. Determine w(-1).
5
Let r(i) be the second derivative of i**5/20 - 7*i**4/12 - i**2 + 72*i. Give r(5).
-52
Suppose 3*w + 6*r = r + 6, -10 = -5*w + 5*r. Suppose w*f - 4*s = 40, 4*f + 0*s - 2*s - 74 = 0. Suppose -f = -3*t - 0*t. Let a(d) = 2*d - 7. Calculate a(t).
5
Let c be -3 - 32/12*-3. Suppose 0 = -3*y - 2*y - c. Let u(i) be the first derivative of -7*i**3/3 + i**2/2 - 63. Determine u(y).
-8
Let k be ((-8)/(-14))/((-44)/1694). Let y(l) = -l**3 - 23*l**2 - 21*l + 2. Determine y(k).
-20
Suppose 3*u = -y + 2, -3*y - 26 - 24 = -5*u. Let l = y - -6. Let g = -2 + l. Let d(f) = -f**3 - 6*f**2 - f - 2. Calculate d(g).
4
Let u(l) be the second derivative of -l**4/6 + 17*l**3/3 - 2*l**2 - l + 40. Give u(17).
-4
Let u(s) = -s**3 - 2*s**2 + 2*s + 2. Let x be u(-3). Let l be (16/(-6))/((-12)/18). Suppose -l*q + 9*q = -x. Let o(k) = 6*k + 1. What is o(q)?
-5
Let h be 8/6*3/2. Let u(j) be the third derivative of j**4/6 - j**3/6 - 179*j**2. Determine u(h).
7
Let r(x) = 27*x**2 + 26*x**2 - 8*x + 6 - 84*x**2 + 32*x**2. What is r(11)?
39
Let q(f) = f**2 - 9*f + 6. Suppose -t + 12 = c, -8 = t - 10*c + 6*c. Calculate q(t).
-2
Let a = 8 - 4. Let v = a + -4. Let l be 0 - 2 - v/2. Let t(g) = 3*g + 2. Determine t(l).
-4
Let s = -106 + 54. Let d = -60 - s. Let b(j) = -j**3 - 8*j**2 - j - 9. What is b(d)?
-1
Let a(w) = -w**2 - 6*w + 6. Let r(y) = 6*y**3 - 1. Sup